s the greatest common divisor of 279 and 72?
9
What is the highest common factor of 79545 and 15?
15
What is the greatest common factor of 970 and 20?
10
Calculate the greatest common factor of 14 and 182.
14
What is the greatest common factor of 31360 and 32?
32
What is the greatest common factor of 318 and 6?
6
What is the greatest common factor of 348 and 36?
12
Calculate the greatest common factor of 13 and 767.
13
What is the highest common divisor of 389 and 1?
1
Calculate the greatest common divisor of 232 and 725.
29
Calculate the highest common factor of 434 and 2666.
62
Calculate the greatest common factor of 462 and 1254.
66
Calculate the greatest common divisor of 54 and 2214.
54
Calculate the highest common factor of 891 and 561.
33
What is the greatest common divisor of 3804 and 36?
12
Calculate the highest common factor of 966 and 147.
21
What is the greatest common factor of 33 and 1837?
11
What is the highest common factor of 20 and 1810?
10
What is the highest common factor of 2020 and 100?
20
What is the greatest common factor of 8044 and 28?
4
What is the highest common factor of 32 and 3344?
16
What is the greatest common divisor of 117 and 195?
39
Calculate the highest common factor of 101 and 2727.
101
Calculate the greatest common divisor of 475 and 125.
25
Calculate the highest common factor of 517 and 611.
47
Calculate the greatest common factor of 7323 and 3.
3
Calculate the greatest common factor of 82334 and 14.
14
What is the highest common factor of 247 and 475?
19
What is the highest common divisor of 40 and 1640?
40
What is the greatest common factor of 110 and 11770?
110
Calculate the greatest common divisor of 1147 and 259.
37
Calculate the greatest common divisor of 45 and 945.
45
Calculate the greatest common factor of 36420 and 12.
12
What is the greatest common factor of 243 and 144?
9
Calculate the greatest common divisor of 517 and 47.
47
Calculate the highest common divisor of 180 and 140.
20
What is the highest common divisor of 480 and 45?
15
Calculate the greatest common divisor of 21 and 15.
3
What is the highest common divisor of 252 and 672?
84
What is the greatest common factor of 2 and 73?
1
What is the greatest common factor of 240 and 61680?
240
What is the greatest common divisor of 16 and 116?
4
What is the highest common factor of 3648 and 144?
48
What is the greatest common factor of 891 and 33?
33
Calculate the highest common factor of 2 and 8.
2
Calculate the greatest common factor of 215 and 2021.
43
What is the highest common divisor of 522 and 36?
18
What is the greatest common divisor of 76726 and 13?
13
Calculate the greatest common factor of 9 and 909.
9
What is the highest common factor of 342 and 96?
6
What is the greatest common factor of 34 and 561?
17
Calculate the greatest common divisor of 1600 and 760.
40
What is the highest common divisor of 266 and 608?
38
What is the greatest common factor of 27 and 216?
27
What is the highest common factor of 1204 and 504?
28
Calculate the greatest common divisor of 9 and 13401.
9
Calculate the highest common factor of 1271 and 31.
31
Calculate the highest common factor of 45 and 295.
5
What is the highest common divisor of 16 and 7024?
16
What is the highest common divisor of 54 and 14598?
18
Calculate the greatest common divisor of 182 and 637.
91
What is the highest common factor of 575 and 75?
25
Calculate the greatest common factor of 437 and 23.
23
Calculate the greatest common divisor of 306 and 136.
34
What is the highest common divisor of 299 and 276?
23
What is the highest common factor of 5 and 7?
1
Calculate the greatest common factor of 1330 and 38.
38
Calculate the greatest common factor of 222 and 7437.
111
What is the greatest common factor of 1086 and 6?
6
Calculate the greatest common divisor of 350 and 154.
14
Calculate the highest common divisor of 7113 and 3.
3
What is the greatest common factor of 36 and 468?
36
Calculate the highest common factor of 15 and 4785.
15
What is the greatest common factor of 136 and 608?
8
Calculate the greatest common factor of 12865 and 775.
155
What is the highest common factor of 300 and 1536?
12
What is the highest common factor of 78 and 611?
13
Calculate the highest common factor of 5709 and 33.
33
Calculate the highest common divisor of 16 and 92.
4
Calculate the highest common factor of 76 and 76.
76
Calculate the greatest common factor of 16 and 776.
8
Calculate the greatest common factor of 47 and 329.
47
Calculate the greatest common divisor of 12 and 198.
6
What is the greatest common factor of 128 and 64?
64
Calculate the highest common factor of 819 and 221.
13
What is the greatest common divisor of 5161 and 13?
13
What is the greatest common divisor of 15 and 21345?
15
Calculate the greatest common factor of 632 and 8.
8
What is the greatest common factor of 7 and 28?
7
Calculate the greatest common factor of 96 and 2628.
12
Calculate the greatest common factor of 24 and 372.
12
Calculate the highest common factor of 2728 and 744.
248
Calculate the highest common divisor of 444 and 2028.
12
Calculate the highest common divisor of 2 and 109.
1
What is the greatest common factor of 95 and 85?
5
What is the greatest common divisor of 945 and 45?
45
What is the greatest common factor of 16 and 16?
16
What is the greatest common divisor of 74 and 6549?
37
Calculate the greatest common factor of 22046 and 146.
146
Calculate the highest common factor of 6 and 30.
6
What is the greatest common factor of 170 and 1938?
34
Calculate the highest common factor of 308 and 330.
22
Calculate the highest common factor of 33309 and 18.
9
Calculate the highest common factor of 24 and 1992.
24
What is the greatest common divisor of 1050 and 120?
30
What is the highest common divisor of 37 and 592?
37
What is the highest common factor of 156 and 3042?
78
What is the greatest common divisor of 192 and 60?
12
Calculate the greatest common divisor of 3325 and 190.
95
Calculate the highest common divisor of 130 and 585.
65
Calculate the highest common factor of 52 and 208.
52
What is the highest common divisor of 12 and 48?
12
Calculate the highest common factor of 18 and 4338.
18
What is the highest common divisor of 17 and 4556?
17
Calculate the greatest common divisor of 1552 and 16.
16
What is the highest common factor of 15 and 65?
5
Calculate the highest common divisor of 1068 and 8.
4
What is the highest common divisor of 390 and 910?
130
What is the highest common divisor of 146 and 12?
2
What is the highest common divisor of 100 and 590?
10
Calculate the highest common divisor of 9 and 417.
3
Calculate the highest common divisor of 352 and 736.
32
What is the highest common divisor of 10 and 145?
5
Calculate the greatest common factor of 176 and 374.
22
Calculate the highest common factor of 40 and 1560.
40
Calculate the highest common factor of 1377 and 68.
17
Calculate the greatest common factor of 260 and 540.
20
What is the greatest common factor of 8 and 4?
4
Calculate the greatest common factor of 299 and 69.
23
Calculate the greatest common divisor of 1388 and 4.
4
What is the highest common divisor of 187 and 11?
11
What is the greatest common factor of 648 and 9000?
72
Calculate the highest common divisor of 25 and 1475.
25
What is the highest common divisor of 8860 and 10?
10
What is the highest common divisor of 153 and 493?
17
What is the highest common divisor of 3768 and 48?
24
What is the highest common divisor of 100 and 5?
5
Calculate the highest common divisor of 375 and 1175.
25
Calculate the greatest common factor of 40 and 380.
20
Calculate the greatest common divisor of 28 and 679.
7
Calculate the highest common factor of 108 and 792.
36
What is the highest common divisor of 16 and 2192?
16
What is the highest common divisor of 64 and 8?
8
Calculate the greatest common divisor of 64 and 2608.
16
Calculate the greatest common factor of 119 and 85.
17
What is the highest common divisor of 14121 and 27?
27
What is the greatest common divisor of 297 and 396?
99
What is the greatest common factor of 9 and 288?
9
Calculate the greatest common factor of 1256 and 32.
8
Calculate the greatest common factor of 3087 and 18.
9
What is the highest common factor of 81 and 